3
Calculate (-67 - -96 - (-1 - 3)) + -12 + 3.
24
Evaluate -4 + (-5 - ((175 + -186 - (-4 + -1)) + 0)).
-3
Calculate 22 - (27 - -33) - -24 - (24 + 4).
-42
What is -27 + (-3 - 8) + 9 + (2 - 3) - 5?
-35
What is the value of -1 + ((11 - (-1 + 7)) + 5 - 14)?
-5
What is 29 + 72 + (-54 - 39)?
8
Evaluate 15 + 1 + -22 + -43 + 88.
39
11 + (82 - 0) + (2 + 28 + -28 - -8)
103
Calculate -125 + 290 + -170 + -9 + 1.
-13
3 + (21 - (5 - -4)) + 22 - -16
53
Calculate (4 - 5 - -14 - (-42 + 46) - 52) + -9.
-52
Calculate -262 + 313 + (-41 - -12).
22
Evaluate -1 + 23 - (134 - (8 + -13 + 51)).
-66
Evaluate 136 - (38 - 60 - -28 - (6 - 0 - 4)).
132
What is the value of 0 - (-41 - (-7 + 16 + -20 - 7))?
23
Calculate 295 - 343 - (6 - 7).
-47
What is -32 + -2 + -1 + 15 + (-13 + 6 - 10)?
-37
Calculate (20 - 47) + 23 - -45.
41
What is -36 + (-27 - -10 - -30) + (-81 - 0)?
-104
0 - (-37 - -166) - -201
72
Evaluate 6 + -2 + (-1 - -5) - (56 + -86).
38
-23 + (26 - -57) - 19
41
What is -93 - (70 + 20 - 198)?
15
-18 - ((-7 - (-2 + -8)) + -4)
-17
Calculate 21 + (-293 - -298 - (65 + -1)).
-38
-8 + -1 - ((-168 - -108) + 78)
-27
What is -60 - (485 + -486 + (-8 - 3 - 4))?
-44
What is the value of 21 + (23 - ((5 - 15) + 38))?
16
What is the value of -79 + -49 + 47 + -5?
-86
2 - (47 + -10 + 0) - (-13 + 7)
-29
Evaluate -9 + (20 + -12 - -7 - 11) - (-9 - 30).
34
Calculate 1 + 9 - (43 - -18 - 44).
-7
What is the value of 96 - (-14 + 201) - -97?
6
What is -172 + 122 - -61 - (-27 + -1 + 0)?
39
Evaluate -128 + (-43 - (-8 - 51)).
-112
What is 10 - ((46 - (-17 - (1 + 0))) + (-1 - 8))?
-45
What is -10 + (-12 - (-21 + 14) - 3 - -21) - -101?
104
Calculate 42 + -176 + 48 + 49.
-37
29 - (4 + 4 + -1) - (178 + -170)
14
Calculate 10 + (-13 - (26 + 3)) - -11.
-21
What is the value of -15 - (-11 + (-4 - -16) + -10 + 1 + 9)?
-16
Evaluate 116 - (-8 + 75 + 12).
37
What is -8 - (-2 + 0 - (-60 + 62))?
-4
What is the value of 35 + -19 + -15 - (-80 - -9)?
72
What is the value of (-3 - (1 + -5) - 52) + (15 + 28 - 51)?
-59
Evaluate -31 + 90 + -154 - -26.
-69
Calculate (-34 - -11 - -11) + (5 - (8 + -5 + -109)).
99
What is the value of -54 + 130 + -132 + (-6 - -14)?
-48
Calculate 54 + 12 + -100 + 59.
25
Evaluate 3 - -71 - (4456 - 4351).
-31
Evaluate 4 + -1 + 2 - ((-16 - -13 - 2) + 11).
-1
What is the value of 29 + 7 - (-37 + 98)?
-25
What is (0 - 0) + (-3 + 6 + -12 - (-1 + 38))?
-46
Calculate (-28 - (-79 - -25)) + -49 + 12.
-11
71 - (24 + (-38 - -66))
19
What is the value of (-15 + 1 + 19 - 11) + -50?
-56
What is -18 + 37 + 67 + 13 + -16?
83
Calculate -24 + (-51 - -21) + 40 + 30.
16
What is (0 - -1) + 3 + (26 - (22 - 38) - 17)?
29
What is the value of -37 + (1 - 3) + 3228 + -3222?
-33
65 - (46 + 2 - -10)
7
What is (-28 - -21 - 38) + -1?
-46
-49 - (-50 - (-13 - -27))
15
Evaluate (12 - -1) + (11 - 2 - (4 - -47)).
-29
What is the value of 3 - (3 + 3 + 2) - ((-45 - -84) + -32)?
-12
Calculate 16 - (-11 - -8) - (9 - 17).
27
What is -4 + -1 + 24 + (-12 - 2 - 8)?
-3
Evaluate -34 + 44 + -32 + -6 + 8 + -6.
-26
Calculate 106 - (137 + -180 - -119).
30
(5 + (-1 - 19) - -4) + -10
-21
Calculate 56 + -60 + -107 + 31.
-80
43 + -17 + -518 + 403
-89
What is 60 - (61 + -14 - -4)?
9
What is 43 + (-77 - -42) - (0 - (13 + -2))?
19
What is 31 - (-4 - -4 - (21 - (11 - 0)))?
41
Evaluate (15 - 33 - 30) + 12 + 2 + 1 + -5.
-38
Evaluate -37 + (-82 - -11) - -82.
-26
Evaluate -5 - (6 + -8) - (-277 - -307).
-33
Evaluate 24 + -1 + -1826 + 1870.
67
What is the value of 74 + (20 - -1 - (124 + -112))?
83
Calculate -30 - (6 + (-11 - -15 - 5 - 11)).
-24
Calculate (7 + -21 - -10 - -8) + (-20 - 3).
-19
What is 26 + -3 + -1 + (36 - 15)?
43
-1 - -26 - (-17 - (-44 - -27 - -5))
30
Calculate -3 + 2 + -27 - (-11121 + 11021).
72
Calculate -49 + 3 + (-43 + 20 - -37) + -11.
-43
16 - ((-58 - (-121 + 70)) + (-1 - -65))
-41
Calculate 2 + 18 - (-30 - -30 - -139) - (6 - 1).
-124
What is -6 - (-76 - (-12 + 6 + -9 + 15))?
70
Calculate (-1 + -25 + 12 - -20) + -8.
-2
What is -36 - (16 + -29 + 1)?
-24
Calculate -30 - (-60 + 0 + 89).
-59
(-6 - -31) + -44 + 75 + 37
93
(54 + -72 - -13 - (-45 - -1)) + -2
37
Evaluate -15 + 2 + (-31 - -55 - 2).
9
What is the value of (43 - 1 - (941 - 789)) + (-1 - (-9 - 0))?
-102
What is 13 + -15 - 4 - (11 - 2 - 20)?
5
Evaluate -91 + (-6 - 35 - -24) + 56.
-52
What is (-27 - 2 - (88 + -70)) + -4?
-51
Evaluate 19 + -1 + -143 + (-10 - -13 - -28).
-94
Calculate 14 + 7 + (-37 - -4) - -19 - (-1 + 8).
0
What is the value of -15 - -19 - (-4 - (3 - -4 - 21))?
-6
What is the value of -83 + 5 + -3 + -8 + -32 + 26?
-95
Calculate -9 + (-2 - -3) + (-20 + 61 - 106).
-73
Evaluate (3 - -1) + 14 - (-25 - -15 - 82).
110
What is the value of -30 + 5 + (-9 - 19) + -3 + 1?
-55
Evaluate 12 - (15 + -5) - (11 + -10).
1
What is (-4 - 0) + -51 - (-1313 - -1286)?
-28
What is (-27 - (-5 - -27)) + -5?
-54
(-5 - 15) + -158 + 163
-15
(8 - 1) + (69 + 13 + -26 - -5)
68
What is (-2 - -4 - 6) + (75 - 0) + (375 - 378)?
68
What is 62 - (-10 + -12) - -1 - 15?
70
(-2 - 39) + (0 + 4 - -12 - 0)
-25
Evaluate -25 + -91 + 22 + 58.
-36
What is the value of -125 - -105 - (9 + (7 + -5 + -2 - -1))?
-30
Evaluate (-2 - 1) + 75 + -66 + (4 - (-13 + 57)).
-34
What is the value of (1 - -10) + (11 - ((13 - -1) + 19))?
-11
-16 - -8 - (14 - (-14 + 13))
-23
Calculate 60 - (87 + -25 + 51).
-53
-118 + -83 + 142 - -113
54
What is the value of 70 + -169 - (-22 + 15 + (-1 + 4 - -3))?
-98
9 - (3 + (28 + -12 - 37))
27
What is the value of 14 + -13 + 6 + (6 - -33) - (-6 + -1)?
53
What is 2 + (0 - -3) - (4 - (-37 - -8))?
-28
What is the value of -38 - (-10 + 23 + (-19 + 11 - 5))?
-38
What is the value of -71 - (34 + (-102 - -48))?
-51
-12 + -45 + 39 - -27
9
-16 - -77 - (9 - 17 - -15)
54
What is the value of (-7 - 0) + (-47 - (16 - (101 - 53)))?
-22
Calculate 1 + 1 + (38 - -4) + 31 + 40 + -57.
58
Calculate -2091 + 2046 + (65 - 0).
20
Evaluate -10 - 1 - (65 - (36 - 15)).
-55
What is the value of -7 + -1 - (13 + -25 + 27 + -93)?
70
Evaluate 26 - (-5 + (21 - 8 - 21)).
39
(474 - 477) + (4 - 2) + 38 - 3
34
Evaluate -96 - (-9 - (47 - (21 - -12))).
-73
-12 + (-1 + (4 - 11 - 0) - -1) - -10
-9
1 - -1 - ((-304 - -376) + -11 + 2)
-61
What is -8 + (-5 - (37 - 66 - -79 - (10 - 1)))?
-54
Evaluate 74 + -51 + 83 + -8.
98
What is the value of 29 + 26 + (-110 - -17)?
-38
Evaluate 8 - (-2 + (19 - 28)) - 68.
-49
-179 - (13 - (145 + -80))
-127
Calculate (-33 - (0 + -15)) + 4.
-14
Evaluate -12 - (28 + (-68 - -17)).
11
What is the value of -30 + (12 - 0) + 15 - 5?
-8
Evaluate 36 + 50 + -33 + -1 + -1 - 3.
48
Evaluate 1380 + -1501 - (-28 + -7).
-86
What is (44 - -31) + -82 - (5 + -1)?
-11
Calculate -12 + 1 + 25 + -3 + -18 - -100.
93
What is the value of -31 - (31 - (38 - -17))?
-7
What is (-46 + 26 - 6) + -16?
-42
Calculate 1 + 11 - (54 - 52 - (62 + -2 + -14)).
56
What is the value of -2 - -10 - (4 + -5 - 9 - -10)?
8
What is 31 + -24 + (-53 - -30)?
-16
What is the value of -1 + 15 - (109 + (28 - (78 + -30)))?
-75
(-84 - 16) + 2 + 103
5
33 + -13 + -47 - (-10 - -1)
-18
Evaluate 1 + -10 - (-8 + 19) - (-1 + -7 - -18).
-30
Calculate 8 - 19 - ((-30 - -49) + -6).
-24
What is the value of 33 + 106 + -337 + 105?
-93
Calculate (5 - (67 + 0)) + -519 + 534 + (-2 - -1).
-48
Evaluate 34 + -37 + 13 + 0 + 4 + -41.
-27
What is the value of -6 + 4 + (78 - 173) + 118?
21
25 + 1 + (-328 - -344 - 50)
-8
((-19 - -9 - -14) + -38 - 15) + -8 + 2
-55
Evaluate (-4 - -21) + (-12 - -4 - 4) + -5 - -18.
18
What is 3 + (-3 - -8) - (159 - 146) - -24?
19
What is (-908 - -815) + (19 - (1 + 2))?
-77
Evaluate -121 - (4 - (-63 - -147)).
-41
Calculate 0 + -4 + (147 - 76) + -40.
27
What is the value of -112 + (32 - 29) - -228?
119
Evaluate 4576 - 4585 - (-55 - (3 - (-2 + 3 + 3))).
45
What is the value of (-241 - -244) + -17 + 3?
-11
What is 1 + -7 + 19 + -53 + (3 - -2) - -6?
-29
What is 1 + 77 + (-30 - (-21 + -14 + -6)) + -11?
78
What is 31 - (78 - (120 + -163))?
-90
Calculate -11 + 25 + -14 - (27 - 4).
-23
Calculate (7 - ((-15 - -7) + 5 - -11)) + -50 + 50.
-1
What is the value of -13 - (-11 + 1 + 14 + (4 - (-16 - -26)))?
-11
What is the value of 25 + (15 + -6 - -18)?
52
What is 3 + -53 + 129 + -89?
-10
(4 - -30) + (-114 - (75 + -63))
-92
What is (44 - -42) + -96 + 14 + -1 + 0 - 55?
-52
2 - (20 + 2) - (300 - 291)
-29
What is the value of -11 + 19 + -2 + -1 + (30 - 94) + 68?
9
Ev